e remainder when 3200 is divided by 289?
21
Calculate the remainder when 309967 is divided by 303.
301
Calculate the remainder when 1944 is divided by 678.
588
Calculate the remainder when 26473 is divided by 14.
13
What is the remainder when 22569 is divided by 867?
27
Calculate the remainder when 5995828 is divided by 19.
17
Calculate the remainder when 18582 is divided by 12.
6
Calculate the remainder when 800 is divided by 169.
124
What is the remainder when 46496 is divided by 366?
14
What is the remainder when 416 is divided by 209?
207
Calculate the remainder when 38111 is divided by 18.
5
Calculate the remainder when 3238377 is divided by 405.
402
Calculate the remainder when 32463 is divided by 28.
11
What is the remainder when 56095 is divided by 9343?
37
Calculate the remainder when 197617 is divided by 13174.
7
What is the remainder when 1495714 is divided by 72?
58
Calculate the remainder when 28214 is divided by 806.
4
Calculate the remainder when 45006 is divided by 142.
134
What is the remainder when 3802 is divided by 444?
250
Calculate the remainder when 534 is divided by 133.
2
What is the remainder when 2671 is divided by 835?
166
Calculate the remainder when 329 is divided by 158.
13
Calculate the remainder when 2063 is divided by 142.
75
Calculate the remainder when 1629 is divided by 507.
108
Calculate the remainder when 187 is divided by 101.
86
What is the remainder when 69218 is divided by 1384?
18
What is the remainder when 24777 is divided by 1238?
17
Calculate the remainder when 833279 is divided by 930.
929
Calculate the remainder when 30925 is divided by 7686.
181
Calculate the remainder when 238170 is divided by 73.
44
What is the remainder when 18042 is divided by 64?
58
Calculate the remainder when 1712 is divided by 543.
83
What is the remainder when 69387 is divided by 34?
27
Calculate the remainder when 8212 is divided by 619.
165
Calculate the remainder when 44263 is divided by 10.
3
What is the remainder when 5945 is divided by 1451?
141
What is the remainder when 15220 is divided by 1900?
20
What is the remainder when 32681 is divided by 667?
665
What is the remainder when 4629907 is divided by 710?
707
What is the remainder when 2437 is divided by 77?
50
What is the remainder when 40287 is divided by 51?
48
What is the remainder when 24890 is divided by 315?
5
Calculate the remainder when 7130 is divided by 373.
43
Calculate the remainder when 9854 is divided by 68.
62
Calculate the remainder when 19453 is divided by 501.
415
What is the remainder when 218792 is divided by 161?
154
Calculate the remainder when 106604 is divided by 11844.
8
Calculate the remainder when 1481 is divided by 495.
491
Calculate the remainder when 39806 is divided by 1106.
1096
Calculate the remainder when 11165 is divided by 147.
140
What is the remainder when 12324 is divided by 12176?
148
What is the remainder when 3411 is divided by 854?
849
What is the remainder when 7199 is divided by 53?
44
What is the remainder when 5993 is divided by 1283?
861
What is the remainder when 4945 is divided by 371?
122
Calculate the remainder when 272 is divided by 91.
90
What is the remainder when 7314 is divided by 21?
6
What is the remainder when 13948 is divided by 99?
88
What is the remainder when 16561 is divided by 2296?
489
Calculate the remainder when 671358 is divided by 10020.
18
Calculate the remainder when 26309 is divided by 22.
19
What is the remainder when 10002 is divided by 251?
213
Calculate the remainder when 63986 is divided by 566.
28
What is the remainder when 8512 is divided by 86?
84
Calculate the remainder when 16295 is divided by 1159.
69
What is the remainder when 6417 is divided by 75?
42
What is the remainder when 65984 is divided by 732?
104
Calculate the remainder when 272609 is divided by 9400.
9
What is the remainder when 3374 is divided by 480?
14
What is the remainder when 2324257 is divided by 10?
7
What is the remainder when 7302 is divided by 1825?
2
Calculate the remainder when 897328 is divided by 83.
15
What is the remainder when 270598 is divided by 90187?
37
Calculate the remainder when 2110 is divided by 378.
220
What is the remainder when 245779 is divided by 122880?
19
Calculate the remainder when 25396 is divided by 279.
7
What is the remainder when 3213 is divided by 678?
501
Calculate the remainder when 1714 is divided by 585.
544
What is the remainder when 29477 is divided by 55?
52
What is the remainder when 320667 is divided by 15?
12
Calculate the remainder when 883 is divided by 584.
299
What is the remainder when 13547 is divided by 826?
331
What is the remainder when 38284 is divided by 85?
34
Calculate the remainder when 2107 is divided by 148.
35
What is the remainder when 2627 is divided by 204?
179
What is the remainder when 650 is divided by 549?
101
Calculate the remainder when 3830 is divided by 120.
110
What is the remainder when 733 is divided by 320?
93
What is the remainder when 114517 is divided by 861?
4
What is the remainder when 65414 is divided by 19?
16
Calculate the remainder when 23499 is divided by 479.
28
Calculate the remainder when 43158 is divided by 22.
16
What is the remainder when 1720 is divided by 100?
20
What is the remainder when 92282 is divided by 1709?
1705
What is the remainder when 8376 is divided by 380?
16
What is the remainder when 2712 is divided by 1317?
78
What is the remainder when 132010 is divided by 6?
4
Calculate the remainder when 41835 is divided by 20913.
9
Calculate the remainder when 6837 is divided by 1571.
553
What is the remainder when 79504 is divided by 100?
4
What is the remainder when 22945 is divided by 1351?
1329
What is the remainder when 1448 is divided by 1210?
238
Calculate the remainder when 7186 is divided by 891.
58
Calculate the remainder when 14142 is divided by 53.
44
What is the remainder when 737 is divided by 198?
143
Calculate the remainder when 47782 is divided by 52.
46
What is the remainder when 4843 is divided by 1515?
298
Calculate the remainder when 22679 is divided by 2797.
303
What is the remainder when 5217 is divided by 989?
272
Calculate the remainder when 4011 is divided by 336.
315
What is the remainder when 8053 is divided by 1968?
181
What is the remainder when 43061 is divided by 82?
11
What is the remainder when 1254 is divided by 41?
24
Calculate the remainder when 2112 is divided by 36.
24
What is the remainder when 32367 is divided by 658?
125
What is the remainder when 17982 is divided by 2441?
895
Calculate the remainder when 334921 is divided by 148.
145
What is the remainder when 26424 is divided by 146?
144
Calculate the remainder when 13827 is divided by 26.
21
Calculate the remainder when 833488 is divided by 945.
943
Calculate the remainder when 5420 is divided by 5401.
19
Calculate the remainder when 26587 is divided by 2417.
0
What is the remainder when 69468 is divided by 674?
46
Calculate the remainder when 10147 is divided by 14.
11
Calculate the remainder when 68896 is divided by 68842.
54
Calculate the remainder when 89646 is divided by 137.
48
What is the remainder when 1464 is divided by 295?
284
Calculate the remainder when 21098 is divided by 836.
198
Calculate the remainder when 5261 is divided by 56.
53
What is the remainder when 2274 is divided by 97?
43
Calculate the remainder when 13118 is divided by 9.
5
Calculate the remainder when 772 is divided by 219.
115
Calculate the remainder when 20682 is divided by 5153.
70
Calculate the remainder when 14013 is divided by 3503.
1
What is the remainder when 308396 is divided by 50?
46
Calculate the remainder when 152328 is divided by 25388.
0
What is the remainder when 191801 is divided by 11?
5
What is the remainder when 15477 is divided by 459?
330
Calculate the remainder when 1416 is divided by 345.
36
What is the remainder when 10356 is divided by 314?
308
Calculate the remainder when 24055 is divided by 115.
20
What is the remainder when 211597 is divided by 42309?
52
What is the remainder when 4312 is divided by 1?
0
What is the remainder when 18359 is divided by 54?
53
What is the remainder when 573354 is divided by 3772?
10
Calculate the remainder when 30450 is divided by 258.
6
What is the remainder when 5932 i